{"id":86,"date":"2020-05-09T14:56:23","date_gmt":"2020-05-09T14:56:23","guid":{"rendered":"https:\/\/www.apaoltenia.ro\/\/?page_id=86"},"modified":"2025-12-16T15:58:18","modified_gmt":"2025-12-16T13:58:18","slug":"tarife-si-servicii","status":"publish","type":"page","link":"https:\/\/www.apaoltenia.ro\/index.php\/informatii-utile\/tarife-si-servicii\/","title":{"rendered":"Tarife \u0219i servicii"},"content":{"rendered":"<p><a href=\"https:\/\/www.apaoltenia.ro\/wp-content\/uploads\/2025\/12\/Preturile.pdf\">Pre\u021burile \/ tarifele la serviciile publice de alimentare cu ap\u0103 \u0219i de canalizare<\/a><\/p>\n<p><!--<a href=\"https:\/\/www.apaoltenia.ro\/wp-content\/uploads\/2025\/08\/tarife-2025.pdf\">Pre\u021burile \/ tarifele la serviciile publice de alimentare cu ap\u0103 \u0219i de canalizare<\/a>--><\/p>\n<p><!--<a href=\"https:\/\/www.apaoltenia.ro\/wp-content\/uploads\/2024\/06\/tarife-2024.pdf\">Pre\u021burile \/ tarifele la serviciile publice de alimentare cu ap\u0103 \u0219i de canalizare<\/a>--><\/p>\n<p><!--<a href=\"https:\/\/www.apaoltenia.ro\/wp-content\/uploads\/2025\/02\/Decizia-A.N.R.S.C.-nr.-23-din-19.02.2025.pdf\">Decizia A.N.R.S.C. nr. 23\/19.02.2025<\/a>--><\/p>\n<p><a href=\"https:\/\/www.apaoltenia.ro\/wp-content\/uploads\/2025\/12\/Decizia-135-COMPANIA-DE-APA-OLTENIA-SA-jud.Dolj_.pdf\">Decizia A.N.R.S.C. nr. 135\/18.11.2025<\/a><\/p>\n<p><!--<a href=\"https:\/\/www.apaoltenia.ro\/wp-content\/uploads\/2024\/06\/ANRSC-2024.pdf\">Decizia A.N.R.S.C. nr. 63\/17.05.2024<\/a>--><\/p>\n<p><!--<a href=\"https:\/\/www.apaoltenia.ro\/wp-content\/uploads\/2023\/06\/decizia-ANRSC-pret.pdf\">Decizia A.N.R.S.C. nr. 104\/29.05.2023<\/a>--><\/p>\n<p><!--<a href=\"https:\/\/www.apaoltenia.ro\/wp-content\/uploads\/2022\/06\/Decizia-107-Compania-de-Apa-Oltenia-Craiova-Dolj.pdf\">Decizia A.N.R.S.C. nr. 107\/17.06.2022<\/a>--><\/p>\n<p><a href=\"https:\/\/www.apaoltenia.ro\/wp-content\/uploads\/2025\/02\/Strategia-de-tarifare-si-strategia-privind-redeventa-2025-2029-.pdf\">Strategia de tarifare si strategia privind redeven\u021ba 2025-2029<\/a><\/p>\n<p><!--<a href=\"https:\/\/www.apaoltenia.ro\/wp-content\/uploads\/2022\/06\/Strategia-de-tarifare-2019-2024-actualizata.pdf\">Strategia de Tarifare 2019-2024<\/a>--><\/p>\n<p><!--<a href=\"https:\/\/www.apaoltenia.ro\/wp-content\/uploads\/2023\/03\/anunt-utilizatori-apa-Bistret.pdf\">Anun\u021b Utilizatori Ap\u0103 Bistre\u021b<\/a>--><\/p>\n<p><!--<a href=\"https:\/\/www.apaoltenia.ro\/wp-content\/uploads\/2025\/08\/apa-la-sursa-2025.pdf\">Pre\u021bul apei potabile produs\u0103 \u0219i transportat\u0103, livrat\u0103 din re\u021belele de transport, respectiv livrat\u0103 \u00een alt sistem \u00een vederea redistribuirii, pentru \u00eentreaga arie de operare a S.C. Compania de Ap\u0103 Oltenia S.A.\n<\/a>--><\/p>\n<p><a href=\"https:\/\/www.apaoltenia.ro\/wp-content\/uploads\/2025\/12\/apa-la-sursa-2025-1.pdf\">Pre\u021bul apei potabile produs\u0103 \u0219i transportat\u0103, livrat\u0103 din re\u021belele de transport, respectiv livrat\u0103 \u00een alt sistem \u00een vederea redistribuirii, pentru \u00eentreaga arie de operare a S.C. Compania de Ap\u0103 Oltenia S.A.<br \/>\n<\/a><\/p>\n","protected":false},"excerpt":{"rendered":"<p>Pre\u021burile \/ tarifele la serviciile publice de alimentare cu ap\u0103 \u0219i de canalizare Decizia A.N.R.S.C. nr. 135\/18.11.2025 Strategia de tarifare si strategia privind redeven\u021ba 2025-2029 Pre\u021bul apei potabile produs\u0103 \u0219i transportat\u0103, livrat\u0103 din re\u021belele de transport, respectiv livrat\u0103 \u00een alt sistem \u00een vederea redistribuirii, pentru \u00eentreaga arie de operare a S.C. Compania de Ap\u0103 Oltenia &hellip;<\/p>\n<p class=\"read-more\"> <a class=\"\" href=\"https:\/\/www.apaoltenia.ro\/index.php\/informatii-utile\/tarife-si-servicii\/\"> <span class=\"screen-reader-text\">Tarife \u0219i servicii<\/span> Read More &raquo;<\/a><\/p>\n","protected":false},"author":1,"featured_media":0,"parent":82,"menu_order":1,"comment_status":"closed","ping_status":"closed","template":"","meta":[],"_links":{"self":[{"href":"https:\/\/www.apaoltenia.ro\/index.php\/wp-json\/wp\/v2\/pages\/86"}],"collection":[{"href":"https:\/\/www.apaoltenia.ro\/index.php\/wp-json\/wp\/v2\/pages"}],"about":[{"href":"https:\/\/www.apaoltenia.ro\/index.php\/wp-json\/wp\/v2\/types\/page"}],"author":[{"embeddable":true,"href":"https:\/\/www.apaoltenia.ro\/index.php\/wp-json\/wp\/v2\/users\/1"}],"replies":[{"embeddable":true,"href":"https:\/\/www.apaoltenia.ro\/index.php\/wp-json\/wp\/v2\/comments?post=86"}],"version-history":[{"count":36,"href":"https:\/\/www.apaoltenia.ro\/index.php\/wp-json\/wp\/v2\/pages\/86\/revisions"}],"predecessor-version":[{"id":12538,"href":"https:\/\/www.apaoltenia.ro\/index.php\/wp-json\/wp\/v2\/pages\/86\/revisions\/12538"}],"up":[{"embeddable":true,"href":"https:\/\/www.apaoltenia.ro\/index.php\/wp-json\/wp\/v2\/pages\/82"}],"wp:attachment":[{"href":"https:\/\/www.apaoltenia.ro\/index.php\/wp-json\/wp\/v2\/media?parent=86"}],"curies":[{"name":"wp","href":"https:\/\/api.w.org\/{rel}","templated":true}]}}