{"id":8367,"date":"2024-03-12T16:17:35","date_gmt":"2024-03-12T14:17:35","guid":{"rendered":"https:\/\/www.apaoltenia.ro\/?page_id=8367"},"modified":"2024-03-13T14:00:16","modified_gmt":"2024-03-13T12:00:16","slug":"digitalizare","status":"publish","type":"page","link":"https:\/\/www.apaoltenia.ro\/index.php\/digitalizare\/","title":{"rendered":"Digitalizare"},"content":{"rendered":"<p>\n <b align=\"center\">\u201eDIGITALIZAREA ACTIVITATII COMPANIEI DE APA OLTENIA\u201d PRIVIND ACHIZITIA DE ECHIPAMENTE SI SOFTWARE SPECIFICE<\/b><\/p>\n<p>  Obiectivul general al proiectului il reprezinta eficientizarea si sustenabilitatea investitiilor in domeniul apei si apei uzate vizand realizarea angajamentelor ce deriva din directivele europene privind epurarea apelor uzate (91\/271\/EEC) si calitatea apei destinate consumului uman (Directiva 98\/83\/CE).<br \/>\n  Pentru operator, infrastructura si tehnologia \u00eenvechite pe de o parte, respectiv criza de personal si posibilitatile reduse de atragere a fortei de munca calificate au devenit o problema din ce \u00een ce mai mare. Pentru a gestiona \u00een mod activ reteaua de apa, obtinerea de informatii precum consum, presiune si debit \u00een timp real este esentiala. Dintre toate componentele sistemelor de management al apei utilizate \u00een prezent de operator, contorizarea apei v\u00e2ndute se bazeaza \u00een cea mai mare parte pe citiri manuale.<br \/>\n  La momentul curent, pentru contorizarea apei produse si determinarea eficientei retelei de distributie exista o echipa dedicata care raporteaza directorului general. \tInventarul activelor contorizate, este \u00eenregistrat \u00een documente scrise pe h\u00e2rtie.<br \/>\n  Pentru stocarea si interpretarea datelor se utilizeaza platforme de management de la producatorii, \u00eensa solutiile functioneaza independent, fara a realiza legatura \u00eentre date. Pentru cea mai mare parte a contoarelor existente, preluare a datelor se efectueaza prin citire manuala lunara.<br \/>\n  Pentru a \u00eembunatati detectarea pierderilor si a fraudelor, trebuie crescute acuratetea si frecventa culegerii datelor, de aici decurg\u00e2nd necesitatea implementarii contoarelor inteligente de apa, cu transmisie automata a datelor colectate din teren la serverele CAO.<br \/>\n  Implementarea unor solutii de contorizare inteligenta, respectiv de management al apei neaducatoare de venituri (NRW), integrate la nivel<br \/>\nde utilizare a datelor cu restul sistemelor de gestiune ce functioneaza la momentul actual va permite operatorului:<br \/>\n-sa-si \u00eembunatateasca performanta financiara<br \/>\n-sa reduca impactul lucrarilor de mentenanta asupra calitatii vietii cetatenilor, contribuind astfel ca localitatile deservite sa devina mai atractive<br \/>\n-sa-si sporeasca rezistenta la schimbarile climatice<br \/>\n-sa-si reduca consumul de energie<br \/>\n   Pornind de la proiectiile pe termen mediu si lung, ce au \u00een vedere restr\u00e2ngerea accesului si exploatarea de catre operatori a unor noi resurse de apa, managementul \u00eembunatatit al apei neaducatoare de venituri NRW ofera o rentabilitate superioara \u00een comparatie cu cresterea aprovizionarii. \u00cen acelasi timp, veniturile din apa economisita vor \u00eembunatati rezultatul financiar al operatorului, \u00een timp ce reducerea cantitatilor de apa captate va creste sustenabilitatea si rezilienta comunitatii locale.<br \/>\n   Componenta principala a proiectului o reprezinta dezvoltarea unui software integrat (platforma digitala) si a solutiilor de contorizare inteligenta care va facilita managementul al apei neaducatoare de venituri (NRW) si se va integra cu sistemele actuale ale operatorului,<br \/>\nfiind prevazute urmatoarele etape:<br \/>\n\u2022Analiza si proiectarea sistemului integrat<br \/>\n\u2022Dezvoltare platforma on-line integrata<br \/>\n\u2022Implementarea unui sistem avansat de management al infrastructurii de contoare<br \/>\n\u2022Implementarea unui sistem de gestionare a apei neaducatoare de venituri<br \/>\n\u2022Implementarea unui sistem de management al activelor<br \/>\n\u2022Implementarea platformei de integrare operationala<br \/>\n\u2022Testarea sistemelor si a platformei integrate<br \/>\n\u2022Formarea si instruirea personalului operatorului \u00een vederea utilizarii sistemelor<br \/>\n\u2022Documentarea solutiilor prin realizarea manualelor de utilizare<br \/>\n\u2022Achizitionarea 1800 de contoare, 12 debitmetre, 101 datalogerele<br \/>\nRezultatele:<br \/>\n&#8211; Existenta la nivelul OR a unui sistem avansat de management al infrastructurii de contoare<br \/>\n&#8211; Existenta la nivelul OR a unui sistem informatic eficient de management al pierderilor de apa \u00een sistemele de alimentare cu apa (NRW)<br \/>\n&#8211; Existenta la nivelul OR a unui sistem informatic eficient de management al activelor<br \/>\n&#8211; Existenta la nivelul OR a unei platforme operationale de integrare<br \/>\n&#8211; Personalul OR este instruit \u00een utilizarea si dezvoltarea sistemului informatic<br \/>\n&#8211; Influentarea dezvoltarii socio-economica a zonei acoperite de proiect.<br \/>\n  Masurile vin \u00een completarea actiunilor finantabile \u00een prezent si sunt complementare si compatibile cu actiunile finantate anterior. Sistemul SCADA dezvoltat anterior prin POS Mediu 2007-2013 si POIM 2014-2020 va furniza datele necesare solutiei software dezvoltate \u00een acest proiect asigur\u00e2ndu-se astfel complementaritatea \u00eentre aceste proiecte.<br \/>\n  Adoptarea noilor instrumente tehnologice si integrarea lor \u00een procesele operationale si comerciale creeaza contextul unei dezvoltari rapide si eficiente. Dimensiunea digitala faciliteaza o mai buna comunicare cu publicul tinta, creste gradul de adaptabilitate al proiectelor si contribuie semnificativ la vizibilitatea OR \u00een ecosistemul \u00een care functioneaza. Digitalizarea proceselor si procedurilor este primul pas al transformarii digitale Eficientizarea activitatii OR depinde foarte mult de felul \u00een care sunt efectuate diferitele procese si proceduri din interiorul acesteia. O buna organizare a informatiilor care stau la baza respectivelor procese si proceduri duce la comunicarea clara a lor catre persoanele si entitatile interesate, la folosirea c\u00e2t mai corespunzatoare a resurselor si, implicit, la un profit mai mare.<br \/>\n  Senzorizarea activelor din infrastructura operatorului face posibila definirea, dezvoltarea si calibrarea solutiilor pentru managementul ciclului apei: validarea pe teren, detectarea pierderilor, gestionarea comenzilor de lucru, service clienti. Datele provenite de la senzori sunt capitalizate \u00een informatii actionabile prin implementarea tehnologiilor precum Big Data sau Inteligenta Artificiala oferite de platforma de integrare operationala.<br \/>\n  Mediul digital este unul dinamic si aflat \u00een continua schimbare. Acesta poate da o noua dimensiune serviciilor OR prin \u00eembunatatirea continua, \u00eencorporarea tendintelor tehnologice actuale si prin crearea unei legaturi mai directe si colaborative cu clientii.<br \/>\nPrin intermediul platformei digitale de integrare operationala si comerciala, datele din infrastructura si despre clienti se transforma \u00een informatii valoroase pentru OR si suport decizional pentru management.<br \/>\n  Transformarea digitala ofera OR o mare oportunitate, din punct de vedere organizational, operational si al relatiilor cu clientii, deoarece ne ajuta sa constientizam importanta datelor \u00een organizatie, sa integram, sa procesam si sa gestionam date valoroase, care sunt esentiale atunci c\u00e2nd se iau masuri privind o gama larga de variabile interconectate si diferite scenarii\n<\/p>\n<p><a href=\"https:\/\/www.apaoltenia.ro\/wp-content\/uploads\/2024\/03\/invitatie-conferinta-digitalizare.docx\">Invita\u021bie \u00eencepere lucr\u0103ri proiect digitalizare<\/a><br \/>\n<a href=\"https:\/\/www.apaoltenia.ro\/wp-content\/uploads\/2024\/03\/conf-II.docx\">Invita\u021bie finalizare lucr\u0103ri proiect digitalizare<\/a><br \/>\n<a href=\"https:\/\/www.apaoltenia.ro\/wp-content\/uploads\/2024\/03\/Agenda-conf-I.pdf\">Agend\u0103 conferin\u021b\u0103 \u00eencepere lucr\u0103ri proiect digitalizare<\/a><br \/>\n<a href=\"https:\/\/www.apaoltenia.ro\/wp-content\/uploads\/2024\/03\/Agenda-conf-II.pdf\">Agend\u0103 conferin\u021b\u0103 finalizare lucr\u0103ri proiect digitalizare<\/a><br \/>\n<a href=\"https:\/\/www.apaoltenia.ro\/wp-content\/uploads\/2024\/03\/Comunicat-de-presa_Digitalizare.pdf\">Comunicat de pres\u0103 \u00eencepere lucr\u0103ri proiect digitalizare<\/a><br \/>\n<a href=\"https:\/\/www.apaoltenia.ro\/wp-content\/uploads\/2024\/03\/Comunicat-de-presa_CAOltenia-digitalizare-final.pdf\">Comunicat de pres\u0103 finalizare lucr\u0103ri proiect digitalizare<\/a><\/p>\n<p><img decoding=\"async\" loading=\"lazy\" src=\"https:\/\/www.apaoltenia.ro\/wp-content\/uploads\/2024\/03\/1-225x300.jpeg\" alt=\"\" width=\"200\" height=\"250\" class=\"alignnone size-medium wp-image-8388\" \/> <img decoding=\"async\" loading=\"lazy\" src=\"https:\/\/www.apaoltenia.ro\/wp-content\/uploads\/2024\/03\/2-300x225.jpeg\" alt=\"\" width=\"200\" height=\"250\" class=\"alignnone size-medium wp-image-8389\" \/> <img decoding=\"async\" loading=\"lazy\" src=\"https:\/\/www.apaoltenia.ro\/wp-content\/uploads\/2024\/03\/3-225x300.jpeg\" alt=\"\" width=\"200\" height=\"250\" class=\"alignnone size-medium wp-image-8390\" \/><\/p>\n","protected":false},"excerpt":{"rendered":"<p>\u201eDIGITALIZAREA ACTIVITATII COMPANIEI DE APA OLTENIA\u201d PRIVIND ACHIZITIA DE ECHIPAMENTE SI SOFTWARE SPECIFICE Obiectivul general al proiectului il reprezinta eficientizarea si sustenabilitatea investitiilor in domeniul apei si apei uzate vizand realizarea angajamentelor ce deriva din directivele europene privind epurarea apelor uzate (91\/271\/EEC) si calitatea apei destinate consumului uman (Directiva 98\/83\/CE). Pentru operator, infrastructura si tehnologia &hellip;<\/p>\n<p class=\"read-more\"> <a class=\"\" href=\"https:\/\/www.apaoltenia.ro\/index.php\/digitalizare\/\"> <span class=\"screen-reader-text\">Digitalizare<\/span> Read More &raquo;<\/a><\/p>\n","protected":false},"author":1,"featured_media":0,"parent":0,"menu_order":0,"comment_status":"closed","ping_status":"closed","template":"","meta":[],"_links":{"self":[{"href":"https:\/\/www.apaoltenia.ro\/index.php\/wp-json\/wp\/v2\/pages\/8367"}],"collection":[{"href":"https:\/\/www.apaoltenia.ro\/index.php\/wp-json\/wp\/v2\/pages"}],"about":[{"href":"https:\/\/www.apaoltenia.ro\/index.php\/wp-json\/wp\/v2\/types\/page"}],"author":[{"embeddable":true,"href":"https:\/\/www.apaoltenia.ro\/index.php\/wp-json\/wp\/v2\/users\/1"}],"replies":[{"embeddable":true,"href":"https:\/\/www.apaoltenia.ro\/index.php\/wp-json\/wp\/v2\/comments?post=8367"}],"version-history":[{"count":6,"href":"https:\/\/www.apaoltenia.ro\/index.php\/wp-json\/wp\/v2\/pages\/8367\/revisions"}],"predecessor-version":[{"id":8393,"href":"https:\/\/www.apaoltenia.ro\/index.php\/wp-json\/wp\/v2\/pages\/8367\/revisions\/8393"}],"wp:attachment":[{"href":"https:\/\/www.apaoltenia.ro\/index.php\/wp-json\/wp\/v2\/media?parent=8367"}],"curies":[{"name":"wp","href":"https:\/\/api.w.org\/{rel}","templated":true}]}}