{"id":74,"date":"2020-05-09T14:55:18","date_gmt":"2020-05-09T14:55:18","guid":{"rendered":"https:\/\/www.apaoltenia.ro\/\/?page_id=74"},"modified":"2025-10-31T13:07:37","modified_gmt":"2025-10-31T11:07:37","slug":"serviciile-publice-de-canalizare","status":"publish","type":"page","link":"https:\/\/www.apaoltenia.ro\/index.php\/servicii\/serviciile-publice-de-canalizare\/","title":{"rendered":"Serviciile publice de canalizare"},"content":{"rendered":"<p>PREZENTAREA SISTEMELOR PUBLICE DE CANALIZARE EXPLOATATE DE S.C. COMPANIA DE AP\u0102 OLTENIA S.A.<\/p>\n<p>Sistemele publice de canalizare constituie ansamblul construc\u0163iilor \u015fi terenurilor aferente instala\u0163iilor tehnologice, echipamentelor functionale \u015fi dot\u0103rilor specifice, prin care se realizeaz\u0103 serviciul de canalizare.<br \/>\nSistemele publice de canalizare cuprind, de regul\u0103, urm\u0103toarele componente:<\/p>\n<ul>\n<li>racorduri de canalizare, de la punctul de delimitare \u015fi preluare;<\/li>\n<li>re\u0163ele de canalizare;<\/li>\n<li>sta\u0163ii de pompare;<\/li>\n<li>sta\u0163ii de epurare;<\/li>\n<li>colectoare de evacuare spre emisar;<\/li>\n<li>guri de v\u0103rsare \u00een emisar;<\/li>\n<li>depozite de n\u0103mol deshidratat;<\/li>\n<\/ul>\n<p style=\"text-align: center;\" align=\"center\"><b>SISTEME PUBLICE DE CANALIZARE <\/b><\/p>\n<p><a href=\"https:\/\/www.apaoltenia.ro\/wp-content\/uploads\/2025\/10\/Registru-canal-actualizat-2025.pdf\"><\/p>\n<p align=\"center\"><b>PREZENTAREA <\/b><b>SISTEMULUI PUBLIC DE <\/b><b>CANALIZARE AL MUNICIPIULUI CRAIOVA<\/b><\/p>\n<p><\/a><\/p>\n","protected":false},"excerpt":{"rendered":"<p>PREZENTAREA SISTEMELOR PUBLICE DE CANALIZARE EXPLOATATE DE S.C. COMPANIA DE AP\u0102 OLTENIA S.A. Sistemele publice de canalizare constituie ansamblul construc\u0163iilor \u015fi terenurilor aferente instala\u0163iilor tehnologice, echipamentelor functionale \u015fi dot\u0103rilor specifice, prin care se realizeaz\u0103 serviciul de canalizare. Sistemele publice de canalizare cuprind, de regul\u0103, urm\u0103toarele componente: racorduri de canalizare, de la punctul de delimitare \u015fi &hellip;<\/p>\n<p class=\"read-more\"> <a class=\"\" href=\"https:\/\/www.apaoltenia.ro\/index.php\/servicii\/serviciile-publice-de-canalizare\/\"> <span class=\"screen-reader-text\">Serviciile publice de canalizare<\/span> Read More &raquo;<\/a><\/p>\n","protected":false},"author":1,"featured_media":0,"parent":66,"menu_order":2,"comment_status":"closed","ping_status":"closed","template":"","meta":[],"_links":{"self":[{"href":"https:\/\/www.apaoltenia.ro\/index.php\/wp-json\/wp\/v2\/pages\/74"}],"collection":[{"href":"https:\/\/www.apaoltenia.ro\/index.php\/wp-json\/wp\/v2\/pages"}],"about":[{"href":"https:\/\/www.apaoltenia.ro\/index.php\/wp-json\/wp\/v2\/types\/page"}],"author":[{"embeddable":true,"href":"https:\/\/www.apaoltenia.ro\/index.php\/wp-json\/wp\/v2\/users\/1"}],"replies":[{"embeddable":true,"href":"https:\/\/www.apaoltenia.ro\/index.php\/wp-json\/wp\/v2\/comments?post=74"}],"version-history":[{"count":11,"href":"https:\/\/www.apaoltenia.ro\/index.php\/wp-json\/wp\/v2\/pages\/74\/revisions"}],"predecessor-version":[{"id":12312,"href":"https:\/\/www.apaoltenia.ro\/index.php\/wp-json\/wp\/v2\/pages\/74\/revisions\/12312"}],"up":[{"embeddable":true,"href":"https:\/\/www.apaoltenia.ro\/index.php\/wp-json\/wp\/v2\/pages\/66"}],"wp:attachment":[{"href":"https:\/\/www.apaoltenia.ro\/index.php\/wp-json\/wp\/v2\/media?parent=74"}],"curies":[{"name":"wp","href":"https:\/\/api.w.org\/{rel}","templated":true}]}}