{"id":711,"date":"2020-08-06T07:41:37","date_gmt":"2020-08-06T07:41:37","guid":{"rendered":"https:\/\/www.apaoltenia.ro\/\/?page_id=711"},"modified":"2026-03-16T12:12:04","modified_gmt":"2026-03-16T10:12:04","slug":"analize-apa-potabila","status":"publish","type":"page","link":"https:\/\/www.apaoltenia.ro\/index.php\/informatii-utile\/analize-apa-potabila\/","title":{"rendered":"Tarife practicate analize ap\u0103"},"content":{"rendered":"<p>\u00cen urma Hot\u0103r\u00e2rii nr. 9 din 05.12.2022 a Consiliului de Administra\u021bie al SC Compania de ap\u0103 Oltenia S.A. s-a aprobat actualizarea tarifelor pe analiza de ap\u0103 potabil\u0103 conform Ordinului Ministrului S\u0103n\u0103t\u0103\u021bii nr. 2459\/24.08.2022:<\/p>\n<p><a href=\"https:\/\/www.apaoltenia.ro\/wp-content\/uploads\/2026\/03\/Tarife-practicate-analize.pdf\"><\/p>\n<p style=\"text-align: center;\" align=\"center\"><b>TARIFE PRACTICATE ANALIZE AP\u0102 POTABIL\u0102<\/b><\/p>\n<p><\/a><\/p>\n","protected":false},"excerpt":{"rendered":"<p>\u00cen urma Hot\u0103r\u00e2rii nr. 9 din 05.12.2022 a Consiliului de Administra\u021bie al SC Compania de ap\u0103 Oltenia S.A. s-a aprobat actualizarea tarifelor pe analiza de ap\u0103 potabil\u0103 conform Ordinului Ministrului S\u0103n\u0103t\u0103\u021bii nr. 2459\/24.08.2022: TARIFE PRACTICATE ANALIZE AP\u0102 POTABIL\u0102<\/p>\n","protected":false},"author":2,"featured_media":0,"parent":82,"menu_order":8,"comment_status":"closed","ping_status":"closed","template":"","meta":[],"_links":{"self":[{"href":"https:\/\/www.apaoltenia.ro\/index.php\/wp-json\/wp\/v2\/pages\/711"}],"collection":[{"href":"https:\/\/www.apaoltenia.ro\/index.php\/wp-json\/wp\/v2\/pages"}],"about":[{"href":"https:\/\/www.apaoltenia.ro\/index.php\/wp-json\/wp\/v2\/types\/page"}],"author":[{"embeddable":true,"href":"https:\/\/www.apaoltenia.ro\/index.php\/wp-json\/wp\/v2\/users\/2"}],"replies":[{"embeddable":true,"href":"https:\/\/www.apaoltenia.ro\/index.php\/wp-json\/wp\/v2\/comments?post=711"}],"version-history":[{"count":5,"href":"https:\/\/www.apaoltenia.ro\/index.php\/wp-json\/wp\/v2\/pages\/711\/revisions"}],"predecessor-version":[{"id":12989,"href":"https:\/\/www.apaoltenia.ro\/index.php\/wp-json\/wp\/v2\/pages\/711\/revisions\/12989"}],"up":[{"embeddable":true,"href":"https:\/\/www.apaoltenia.ro\/index.php\/wp-json\/wp\/v2\/pages\/82"}],"wp:attachment":[{"href":"https:\/\/www.apaoltenia.ro\/index.php\/wp-json\/wp\/v2\/media?parent=711"}],"curies":[{"name":"wp","href":"https:\/\/api.w.org\/{rel}","templated":true}]}}