{"id":5829,"date":"2023-05-12T11:04:23","date_gmt":"2023-05-12T08:04:23","guid":{"rendered":"https:\/\/www.apaoltenia.ro\/?page_id=5829"},"modified":"2024-01-10T09:56:03","modified_gmt":"2024-01-10T07:56:03","slug":"consiliul-de-administratie-2023","status":"publish","type":"page","link":"https:\/\/www.apaoltenia.ro\/index.php\/companie\/hotarari\/consiliul-de-administratie-2023\/","title":{"rendered":"Consiliul de Administra\u021bie 2023"},"content":{"rendered":"<p><img decoding=\"async\" src=\"\/wp-content\/uploads\/2011\/11\/adobe-acrobat-reader.png\" alt=\"\"><a href=\"https:\/\/www.apaoltenia.ro\/wp-content\/uploads\/2023\/05\/hotarare-CA-nr-1-2023.pdf\">HOT\u0102R\u00c2REA C.A. NR. 1<\/a><br \/>\n<img decoding=\"async\" src=\"\/wp-content\/uploads\/2011\/11\/adobe-acrobat-reader.png\" alt=\"\"><a href=\"https:\/\/www.apaoltenia.ro\/wp-content\/uploads\/2023\/05\/hotarare-CA-nr-2-2023.pdf\">HOT\u0102R\u00c2REA C.A. NR. 2<\/a><br \/>\n<img decoding=\"async\" src=\"\/wp-content\/uploads\/2011\/11\/adobe-acrobat-reader.png\" alt=\"\"><a href=\"https:\/\/www.apaoltenia.ro\/wp-content\/uploads\/2023\/09\/hotararea-nr-3.pdf\">HOT\u0102R\u00c2REA C.A. NR. 3<\/a><br \/>\n<img decoding=\"async\" src=\"\/wp-content\/uploads\/2011\/11\/adobe-acrobat-reader.png\" alt=\"\"><a href=\"https:\/\/www.apaoltenia.ro\/wp-content\/uploads\/2023\/08\/hotararea-nr-4.pdf\">HOT\u0102R\u00c2REA C.A. NR. 4<\/a><br \/>\n<img decoding=\"async\" src=\"\/wp-content\/uploads\/2011\/11\/adobe-acrobat-reader.png\" alt=\"\"><a href=\"https:\/\/www.apaoltenia.ro\/wp-content\/uploads\/2023\/08\/hotararea-nr-5.pdf\">HOT\u0102R\u00c2REA C.A. NR. 5<\/a><br \/>\n<img decoding=\"async\" src=\"\/wp-content\/uploads\/2011\/11\/adobe-acrobat-reader.png\" alt=\"\"><a href=\"https:\/\/www.apaoltenia.ro\/wp-content\/uploads\/2023\/10\/hotararea-nr-6.pdf\">HOT\u0102R\u00c2REA C.A. NR. 6<\/a><br \/>\n<img decoding=\"async\" src=\"\/wp-content\/uploads\/2011\/11\/adobe-acrobat-reader.png\" alt=\"\"><a href=\"https:\/\/www.apaoltenia.ro\/wp-content\/uploads\/2024\/01\/Hotararea-CA-7-din-16.10.pdf\">HOT\u0102R\u00c2REA C.A. NR. 7<\/a><br \/>\n<img decoding=\"async\" src=\"\/wp-content\/uploads\/2011\/11\/adobe-acrobat-reader.png\" alt=\"\"><a href=\"https:\/\/www.apaoltenia.ro\/wp-content\/uploads\/2024\/01\/Hotararea-8.pdf\">HOT\u0102R\u00c2REA C.A. NR. 8<\/a><br \/>\n<img decoding=\"async\" src=\"\/wp-content\/uploads\/2011\/11\/adobe-acrobat-reader.png\" alt=\"\"><a href=\"https:\/\/www.apaoltenia.ro\/wp-content\/uploads\/2024\/01\/Hotararea-9.pdf\">HOT\u0102R\u00c2REA C.A. NR. 9<\/a><br \/>\n<img decoding=\"async\" src=\"\/wp-content\/uploads\/2011\/11\/adobe-acrobat-reader.png\" alt=\"\"><a href=\"https:\/\/www.apaoltenia.ro\/wp-content\/uploads\/2024\/01\/Hotararea-CA-10-din-21-decembrie-2023.pdf\">HOT\u0102R\u00c2REA C.A. NR. 10<\/a><br \/>\n<img decoding=\"async\" src=\"\/wp-content\/uploads\/2011\/11\/adobe-acrobat-reader.png\" alt=\"\"><a href=\"https:\/\/www.apaoltenia.ro\/wp-content\/uploads\/2024\/01\/hotararea-11.pdf\">HOT\u0102R\u00c2REA C.A. NR. 11<\/a><\/p>\n","protected":false},"excerpt":{"rendered":"<p>HOT\u0102R\u00c2REA C.A. NR. 1 HOT\u0102R\u00c2REA C.A. NR. 2 HOT\u0102R\u00c2REA C.A. NR. 3 HOT\u0102R\u00c2REA C.A. NR. 4 HOT\u0102R\u00c2REA C.A. NR. 5 HOT\u0102R\u00c2REA C.A. NR. 6 HOT\u0102R\u00c2REA C.A. NR. 7 HOT\u0102R\u00c2REA C.A. NR. 8 HOT\u0102R\u00c2REA C.A. NR. 9 HOT\u0102R\u00c2REA C.A. NR. 10 HOT\u0102R\u00c2REA C.A. NR. 11<\/p>\n","protected":false},"author":3,"featured_media":0,"parent":636,"menu_order":7,"comment_status":"closed","ping_status":"closed","template":"","meta":[],"_links":{"self":[{"href":"https:\/\/www.apaoltenia.ro\/index.php\/wp-json\/wp\/v2\/pages\/5829"}],"collection":[{"href":"https:\/\/www.apaoltenia.ro\/index.php\/wp-json\/wp\/v2\/pages"}],"about":[{"href":"https:\/\/www.apaoltenia.ro\/index.php\/wp-json\/wp\/v2\/types\/page"}],"author":[{"embeddable":true,"href":"https:\/\/www.apaoltenia.ro\/index.php\/wp-json\/wp\/v2\/users\/3"}],"replies":[{"embeddable":true,"href":"https:\/\/www.apaoltenia.ro\/index.php\/wp-json\/wp\/v2\/comments?post=5829"}],"version-history":[{"count":6,"href":"https:\/\/www.apaoltenia.ro\/index.php\/wp-json\/wp\/v2\/pages\/5829\/revisions"}],"predecessor-version":[{"id":7881,"href":"https:\/\/www.apaoltenia.ro\/index.php\/wp-json\/wp\/v2\/pages\/5829\/revisions\/7881"}],"up":[{"embeddable":true,"href":"https:\/\/www.apaoltenia.ro\/index.php\/wp-json\/wp\/v2\/pages\/636"}],"wp:attachment":[{"href":"https:\/\/www.apaoltenia.ro\/index.php\/wp-json\/wp\/v2\/media?parent=5829"}],"curies":[{"name":"wp","href":"https:\/\/api.w.org\/{rel}","templated":true}]}}