{"id":12717,"date":"2026-02-05T17:21:18","date_gmt":"2026-02-05T15:21:18","guid":{"rendered":"https:\/\/www.apaoltenia.ro\/?page_id=12717"},"modified":"2026-04-23T14:33:23","modified_gmt":"2026-04-23T11:33:23","slug":"consiliul-de-administratie-2026","status":"publish","type":"page","link":"https:\/\/www.apaoltenia.ro\/index.php\/companie\/hotarari\/consiliul-de-administratie-2026\/","title":{"rendered":"Consiliul de Administratie 2026"},"content":{"rendered":"<p><img decoding=\"async\" src=\"\/wp-content\/uploads\/2011\/11\/adobe-acrobat-reader.png\" alt=\"\"><a href=\"https:\/\/www.apaoltenia.ro\/wp-content\/uploads\/2026\/02\/Hotararea-CA-nr.-1-din-2026.pdf\">HOT\u0102R\u00c2REA C.A. NR. 1<\/a><br \/>\n<img decoding=\"async\" src=\"\/wp-content\/uploads\/2011\/11\/adobe-acrobat-reader.png\" alt=\"\"><a href=\"https:\/\/www.apaoltenia.ro\/wp-content\/uploads\/2026\/03\/Hotararea-CA-nr.-2-din-2026.pdf\">HOT\u0102R\u00c2REA C.A. NR. 2<\/a><br \/>\n<img decoding=\"async\" src=\"\/wp-content\/uploads\/2011\/11\/adobe-acrobat-reader.png\" alt=\"\"><a href=\"https:\/\/www.apaoltenia.ro\/wp-content\/uploads\/2026\/03\/Hotararea-CA-nr.-3-din-2026.pdf\">HOT\u0102R\u00c2REA C.A. NR. 3<\/a><br \/>\n<img decoding=\"async\" src=\"\/wp-content\/uploads\/2011\/11\/adobe-acrobat-reader.png\" alt=\"\"><a href=\"https:\/\/www.apaoltenia.ro\/wp-content\/uploads\/2026\/03\/Hotararea-CA-nr.-4-din-2026.pdf\">HOT\u0102R\u00c2REA C.A. NR. 4<\/a><br \/>\n<img decoding=\"async\" src=\"\/wp-content\/uploads\/2011\/11\/adobe-acrobat-reader.png\" alt=\"\"><a href=\"https:\/\/www.apaoltenia.ro\/wp-content\/uploads\/2026\/03\/Hotararea-CA-nr.-5-din-2026.pdf\">HOT\u0102R\u00c2REA C.A. NR. 5<\/a><br \/>\n<img decoding=\"async\" src=\"\/wp-content\/uploads\/2011\/11\/adobe-acrobat-reader.png\" alt=\"\"><a href=\"https:\/\/www.apaoltenia.ro\/wp-content\/uploads\/2026\/04\/hot.6.pdf\">HOT\u0102R\u00c2REA C.A. NR. 6<\/a><br \/>\n<img decoding=\"async\" src=\"\/wp-content\/uploads\/2011\/11\/adobe-acrobat-reader.png\" alt=\"\"><a href=\"https:\/\/www.apaoltenia.ro\/wp-content\/uploads\/2026\/04\/hot.7.pdf\">HOT\u0102R\u00c2REA C.A. NR. 7<\/a><br \/>\n<img decoding=\"async\" src=\"\/wp-content\/uploads\/2011\/11\/adobe-acrobat-reader.png\" alt=\"\"><a href=\"https:\/\/www.apaoltenia.ro\/wp-content\/uploads\/2026\/04\/Hotararea-CA-nr.-8-din-2026.pdf\">HOT\u0102R\u00c2REA C.A. NR. 8<\/a><\/p>\n","protected":false},"excerpt":{"rendered":"<p>HOT\u0102R\u00c2REA C.A. NR. 1 HOT\u0102R\u00c2REA C.A. NR. 2 HOT\u0102R\u00c2REA C.A. NR. 3 HOT\u0102R\u00c2REA C.A. NR. 4 HOT\u0102R\u00c2REA C.A. NR. 5 HOT\u0102R\u00c2REA C.A. NR. 6 HOT\u0102R\u00c2REA C.A. NR. 7 HOT\u0102R\u00c2REA C.A. NR. 8<\/p>\n","protected":false},"author":3,"featured_media":0,"parent":636,"menu_order":6,"comment_status":"closed","ping_status":"closed","template":"","meta":[],"_links":{"self":[{"href":"https:\/\/www.apaoltenia.ro\/index.php\/wp-json\/wp\/v2\/pages\/12717"}],"collection":[{"href":"https:\/\/www.apaoltenia.ro\/index.php\/wp-json\/wp\/v2\/pages"}],"about":[{"href":"https:\/\/www.apaoltenia.ro\/index.php\/wp-json\/wp\/v2\/types\/page"}],"author":[{"embeddable":true,"href":"https:\/\/www.apaoltenia.ro\/index.php\/wp-json\/wp\/v2\/users\/3"}],"replies":[{"embeddable":true,"href":"https:\/\/www.apaoltenia.ro\/index.php\/wp-json\/wp\/v2\/comments?post=12717"}],"version-history":[{"count":7,"href":"https:\/\/www.apaoltenia.ro\/index.php\/wp-json\/wp\/v2\/pages\/12717\/revisions"}],"predecessor-version":[{"id":13196,"href":"https:\/\/www.apaoltenia.ro\/index.php\/wp-json\/wp\/v2\/pages\/12717\/revisions\/13196"}],"up":[{"embeddable":true,"href":"https:\/\/www.apaoltenia.ro\/index.php\/wp-json\/wp\/v2\/pages\/636"}],"wp:attachment":[{"href":"https:\/\/www.apaoltenia.ro\/index.php\/wp-json\/wp\/v2\/media?parent=12717"}],"curies":[{"name":"wp","href":"https:\/\/api.w.org\/{rel}","templated":true}]}}