{"id":122,"date":"2020-05-10T07:12:14","date_gmt":"2020-05-10T07:12:14","guid":{"rendered":"https:\/\/www.apaoltenia.ro\/\/?page_id=122"},"modified":"2024-08-06T14:39:43","modified_gmt":"2024-08-06T11:39:43","slug":"fantani-si-tasnitori-publice","status":"publish","type":"page","link":"https:\/\/www.apaoltenia.ro\/index.php\/informatii-utile\/fantani-si-tasnitori-publice\/","title":{"rendered":"F\u00e2nt\u00e2ni publice"},"content":{"rendered":"<p>\u00cen aten\u021bia utilizatorilor serviciului public de alimentare cu ap\u0103 al Municipiului Craiova<\/p>\n<p>S.C. Compania de Ap\u0103 Oltenia S.A. asigur\u0103 furnizarea apei potabile din re\u0163eaua public\u0103 de alimentare cu ap\u0103 a Municipiului Craiova, \u00een regim permanent, prin intermediul f\u00e2nt\u00e2nilor publice \u00een urm\u0103toarele zone :<\/p>\n<p>1. Izvorul Rece &#8211; l\u00e2ng\u0103 Marlorex<br \/>\n2. F\u0103c\u0103i &#8211; la poarta sta\u021biei de ap\u0103 F\u0103c\u0103i<br \/>\n3. Bariera V\u00e2lcii &#8211; la poarta sta\u021biei de ap\u0103 \u0218imnic<br \/>\n4. P\u0103rcule\u021bul Rovine<\/p>\n<p><!--\nCI\u0218MELE:\n\n1. Cismea Pia\u021ba Chiriac  (intersec\u021bie  Mure\u0219 - Caracal)\n2. Ci\u0219mea Pia\u021ba Veche (f\u00e2nt\u00e2na Purcarului)\n3. Ci\u0219mea Popova\n4. Ci\u0219mea Izvorul Rece (din sursa Izvarna)\n\n\u021a\u00c2\u0218NITORI:\n\n1. English Parc, str. A.I. Cuza;\n2. Parc Mihai Bravu;\n3. Magazin Flanco, str. Calea Bucure\u0219ti;\n4. Parcul Nicolae Romanescu \u2013 3 f\u00e2nt\u00e2ni stradale \u021b\u00e2\u0219nitoare;\n5. Complexul Dacia, cartier Valea Ro\u0219ie;\n6. Parc Velodrom;\n7. Parc pentru copii Nicolae Titulescu;\n8. Esplanad\u0103, cartier Craiovi\u021ba Nou\u0103;\n9. Parcul Crizantemelor;\n10. Sta\u021bia de distribu\u021bie ap\u0103 F\u0103c\u0103i;\n11. Spitalul Municipal, cartier 1 Mai;\n12. Liceul Elena Cuza;\n13. Restaurant Segarcea;\n14. Str. Poligonului, nr.100;\n15. Str. Caracal, Complex B\u0103nie;\n16. Judec\u0103toria Craiova, str. A.I. Cuza;\n17. Cartier Rovine, blocul J18;\n18. Str. Nicolae Titulescu, Complex bloc 15 (\u201cGroap\u0103\u201d);\n19. \u0218coala general\u0103 34, Elena Farago, cartier Craiovi\u021ba Nou\u0103;\n20. Str. 1 Decembrie, Simplon;\n21. Complex Baba Novac, cartier Brazda lui Novac;\n22. Clubul Electroputere, str. Calea Bucure\u0219ti;\n23. Str. Nicolae Iorga, cartier Rovine (intersec\u021bie cu str. G. Constantinescu);\n24. Blocul P2, str. Calea Bucure\u0219ti;\n25. Str. 1 Decembrie 1918 (\u00een dreptul fostei Radiologii);\n26. Pia\u021ba Central\u0103, str. Calea Bucure\u0219ti;\n27. Loc de joac\u0103 pentru copii \u2013 bloc M10, S\u0103rari;\n28. Bloc F20, cartier Rovine.\n\nS.C. Compania de Ap\u0103 Oltenia S.A. asigur\u0103 furnizarea apei potabile din re\u021beaua public\u0103 de alimentare cu ap\u0103 a Municipiului Calafat, \u00een regim permanent, prin intermediul ci\u0219melelor \u0219i f\u00e2nt\u00e2nilor forate  \u00een urm\u0103toarele zone:\n\n1. Str. Gheorghe Doja, intersec\u021bie cu str. 1907\n2. Str. Tudor Vladimirescu = Pompieri\n3. Str. 1 Decembrie 1918, intersec\u021bie cu str. 1907\n4. Str. Cobuz, intersec\u021bie cu str. Dun\u0103rii\n5. Str. 1 Decembrie 1918, \u00eentre str. 1907 \u0219i str. 1 Mai\n6. Str. Nicolae B\u0103lcescu, intersec\u021bie cu str. 1907\n\n--><\/p>\n","protected":false},"excerpt":{"rendered":"<p>\u00cen aten\u021bia utilizatorilor serviciului public de alimentare cu ap\u0103 al Municipiului Craiova S.C. Compania de Ap\u0103 Oltenia S.A. asigur\u0103 furnizarea apei potabile din re\u0163eaua public\u0103 de alimentare cu ap\u0103 a Municipiului Craiova, \u00een regim permanent, prin intermediul f\u00e2nt\u00e2nilor publice \u00een urm\u0103toarele zone : 1. Izvorul Rece &#8211; l\u00e2ng\u0103 Marlorex 2. F\u0103c\u0103i &#8211; la poarta sta\u021biei &hellip;<\/p>\n<p class=\"read-more\"> <a class=\"\" href=\"https:\/\/www.apaoltenia.ro\/index.php\/informatii-utile\/fantani-si-tasnitori-publice\/\"> <span class=\"screen-reader-text\">F\u00e2nt\u00e2ni publice<\/span> Read More &raquo;<\/a><\/p>\n","protected":false},"author":1,"featured_media":0,"parent":82,"menu_order":10,"comment_status":"closed","ping_status":"closed","template":"","meta":[],"_links":{"self":[{"href":"https:\/\/www.apaoltenia.ro\/index.php\/wp-json\/wp\/v2\/pages\/122"}],"collection":[{"href":"https:\/\/www.apaoltenia.ro\/index.php\/wp-json\/wp\/v2\/pages"}],"about":[{"href":"https:\/\/www.apaoltenia.ro\/index.php\/wp-json\/wp\/v2\/types\/page"}],"author":[{"embeddable":true,"href":"https:\/\/www.apaoltenia.ro\/index.php\/wp-json\/wp\/v2\/users\/1"}],"replies":[{"embeddable":true,"href":"https:\/\/www.apaoltenia.ro\/index.php\/wp-json\/wp\/v2\/comments?post=122"}],"version-history":[{"count":6,"href":"https:\/\/www.apaoltenia.ro\/index.php\/wp-json\/wp\/v2\/pages\/122\/revisions"}],"predecessor-version":[{"id":9670,"href":"https:\/\/www.apaoltenia.ro\/index.php\/wp-json\/wp\/v2\/pages\/122\/revisions\/9670"}],"up":[{"embeddable":true,"href":"https:\/\/www.apaoltenia.ro\/index.php\/wp-json\/wp\/v2\/pages\/82"}],"wp:attachment":[{"href":"https:\/\/www.apaoltenia.ro\/index.php\/wp-json\/wp\/v2\/media?parent=122"}],"curies":[{"name":"wp","href":"https:\/\/api.w.org\/{rel}","templated":true}]}}